1923?
False
Does 22 divide 4026698?
False
Is 323 a factor of 19181166?
False
Is 236 a factor of 69515525?
False
Is 1631 a factor of 6605550?
True
Does 266 divide 955155992?
True
Is 682 a factor of 130817830?
True
Is 28 a factor of 79250165?
False
Does 62 divide 1552691989?
False
Is 798610584 a multiple of 551?
True
Is 148656563 a multiple of 341?
True
Is 6534 a factor of 17733276?
True
Is 285 a factor of 553177490?
False
Is 116252983 a multiple of 36?
False
Is 283288320 a multiple of 40?
True
Is 2681 a factor of 63390424?
False
Is 1484983953 a multiple of 1655?
False
Does 194 divide 18682950?
False
Is 328682640 a multiple of 610?
True
Is 1224615192 a multiple of 1132?
False
Is 2792962 a multiple of 221?
False
Does 28 divide 740874615?
False
Is 1696 a factor of 19014394?
False
Is 1222792816 a multiple of 5?
False
Is 480409947 a multiple of 1769?
False
Is 4231701384 a multiple of 24?
True
Does 38 divide 901619616?
True
Is 178 a factor of 75363064?
True
Is 1066 a factor of 17107168?
True
Is 540056720 a multiple of 56?
True
Is 92047933 a multiple of 139?
False
Is 3731562 a multiple of 513?
True
Is 191441420 a multiple of 209?
False
Is 317149979 a multiple of 8?
False
Is 54602444 a multiple of 19?
False
Is 51363516 a multiple of 56?
False
Is 2185227869 a multiple of 17?
False
Does 2096 divide 51578202?
False
Is 57775086 a multiple of 19?
True
Is 3222 a factor of 84951252?
True
Does 426 divide 164080885?
False
Is 6 a factor of 76597104?
True
Is 544456466 a multiple of 14?
False
Does 1102 divide 50749223?
False
Does 5 divide 15467927?
False
Does 571 divide 123635084?
False
Is 55831770 a multiple of 218?
False
Is 104508789 a multiple of 231?
True
Is 214124623 a multiple of 75?
False
Is 260 a factor of 148176860?
True
Does 2540 divide 1489168980?
True
Is 480452976 a multiple of 824?
True
Is 11 a factor of 26228144?
False
Is 62922517 a multiple of 68?
False
Is 11 a factor of 7416343?
True
Is 2492810286 a multiple of 20?
False
Is 6 a factor of 12254128?
False
Is 644158091 a multiple of 283?
True
Does 70 divide 214796190?
True
Is 120 a factor of 3588527280?
True
Is 32 a factor of 57373134?
False
Does 24 divide 587942?
False
Is 289 a factor of 24684809?
False
Does 1560 divide 850668?
False
Is 12 a factor of 5936688?
True
Is 62 a factor of 20744403?
False
Is 1059110404 a multiple of 1595?
False
Is 29415352 a multiple of 215?
False
Is 14 a factor of 40117679?
False
Is 3438690 a multiple of 15?
True
Does 21 divide 183660498?
True
Is 10 a factor of 810796330?
True
Does 10 divide 4082601480?
True
Is 1218105 a multiple of 9?
True
Is 57474303 a multiple of 9?
False
Is 154 a factor of 102529812?
True
Is 892758180 a multiple of 305?
True
Does 17 divide 73926965?
True
Does 4 divide 75289211?
False
Is 238 a factor of 548622130?
True
Is 43617007 a multiple of 4?
False
Is 201 a factor of 218678754?
True
Is 1125608531 a multiple of 238?
False
Is 7258 a factor of 78798311?
False
Is 305010534 a multiple of 38?
True
Does 24 divide 350151340?
False
Does 322 divide 750100610?
True
Is 80660078 a multiple of 4?
False
Is 32 a factor of 739463808?
True
Is 37707344 a multiple of 728?
False
Is 397 a factor of 857292519?
True
Is 545 a factor of 447196452?
False
Is 49640556 a multiple of 140?
False
Does 56 divide 34958927?
False
Is 220007 a multiple of 1303?
False
Is 90640134 a multiple of 2899?
True
Does 3 divide 4996296?
True
Is 4434896 a multiple of 8?
True
Is 7 a factor of 200786467?
True
Does 10350 divide 1789866900?
True
Does 296 divide 79132213?
False
Does 501 divide 55557214?
False
Does 1676 divide 2724953092?
True
Is 724 a factor of 58902468?
True
Is 30110345 a multiple of 114?
False
Is 23 a factor of 267718137?
True
Is 4235 a factor of 73388315?
True
Is 388550020 a multiple of 10?
True
Does 1294 divide 23803130?
True
Is 121 a factor of 90121648?
False
Is 35 a factor of 1436715?
True
Is 142 a factor of 106613424?
False
Does 378 divide 12937050?
True
Is 27 a factor of 195624270?
False
Is 7 a factor of 34115177?
False
Does 335 divide 193999505?
True
Does 7 divide 108001007?
False
Is 660868392 a multiple of 3396?
True
Is 706806004 a multiple of 19?
True
Does 286 divide 110210807?
False
Is 488410776 a multiple of 72?
True
Is 32 a factor of 21006788?
False
Is 34207462 a multiple of 19?
False
Is 79 a factor of 194687938?
False
Is 29 a factor of 616184257?
True
Is 24465411 a multiple of 66?
False
Is 54 a factor of 15122958?
False
Does 1190 divide 19864914?
False
Does 124 divide 96969745?
False
Does 17 divide 50132783?
False
Is 2155324 a multiple of 74?
True
Is 58415802 a multiple of 407?
False
Is 187760286 a multiple of 14?
True
Does 1301 divide 166915698?
True
Is 19 a factor of 85888170?
True
Is 8 a factor of 72167776?
True
Is 200 a factor of 10429873?
False
Is 106 a factor of 34696238?
True
Is 5298945 a multiple of 15?
True
Is 1497 a factor of 60893469?
True
Is 447353004 a multiple of 28?
True
Is 26039001 a multiple of 59?
True
Is 1506521 a multiple of 49?
False
Does 144 divide 201092400?
True
Is 13 a factor of 70977205?
True
Does 481 divide 9801818?
True
Does 9 divide 514085947?
False
Does 8 divide 582178552?
True
Is 67090510 a multiple of 62?
True
Does 98 divide 493607859?
False
Is 12824176 a multiple of 97?
True
Is 378972400 a multiple of 40?
True
Is 4856 a factor of 1164352939?
False
Is 464647248 a multiple of 18?
True
Is 240 a factor of 614195054?
False
Is 73674972 a multiple of 18?
True
Does 1917 divide 72200606?
False
Is 22895435 even?
False
Does 60 divide 268155660?
True
Is 5 a factor of 180052429?
False
Does 488 divide 778700245?
False
Is 1586940496 a multiple of 107?
False
Is 41 a factor of 82123459?
False
Does 46 divide 1603166?
False
Does 32 divide 2409594767?
False
Is 641 a factor of 305005748?
True
Does 40 divide 10040501?
False
Does 20 divide 58759491?
False
Is 1320 a factor of 936483240?
True
Does 74 divide 53330394?
True
Is 172245103 a multiple of 76?
False
Is 768605786 a multiple of 2946?
False
Does 307 divide 41356804?
False
Does 137 divide 95897734?
False
Is 18855460 a multiple of 10?
True
Is 338391072 a multiple of 4?
True
Is 6382440 a multiple of 60?
True
Does 105 divide 1990072980?
True
Does 1295 divide 62505765?
True
Is 61 a factor of 23957445?
True
Does 991 divide 89912788?
False
Is 5 a factor of 12270972?
False
Is 96531450 a multiple of 10?
True
Does 83 divide 188095918?
False
Is 962110723 a multiple of 642?
False
Is 43743552 a multiple of 274?
True
Does 377 divide 4294222?
False
Is 421 a factor of 632355298?
False
Is 130865840 a multiple of 7?
True
Is 620167826 a multiple of 18?
False
Does 343 divide 2789276?
True
Is 43328784 a multiple of 272?
True
Does 161 divide 102222413?
False
Does 669 divide 6926898513?
False
Is 28 a factor of 765550772?
True
Does 27 divide 73811155?
False
Is 387321536 a multiple of 112?
True
Is 261 a factor of 93368313?
True
Is 67 a factor of 3991161?
False
Does 383 divide 434021728?
True
Is 18 a factor of 1635584382?
True
Does 32 divide 5042911?
False
Is 42 a factor of 63428313?
False
Is 102625861 a multiple of 792?
False
Does 153 divide 19273104?
True
Does 5608 divide 5581288807?
False
Is 20772801 a multiple of 21?
True
Is 23 a factor of 85659252?
False
Is 15 a factor of 102578520?
True
Does 9 divide 40787883?
True
Is 1005907710 a multiple of 247?
False
Is 22934454 a multiple of 6?
True
Does 205 divide 2181339195?
True
Is 67 a factor of 632070563?
True
Does 250 divide 72266125?
False
Is 2342835565 a multiple of 1273?
True
Does 941 divide 73805453?
True
Does 27 divide 274888807?
False
Is 1079 a factor of 2400775?
True
Does 3766 divide 325448683?
False
Does 1351 divide 618614509?
False
Is 1270781676 a multiple of 36?
True
Is 816744152 a multiple of 18?
False
Is 1674827044 a multiple of 5?
False
Is 11 a factor of 3379575640?
False
Is 824 a factor of 168891984?
True
Does 79 divide 162433107?
False
Is 25 a factor of 17973975?
True
Does 99 divide 9211701?
False
Does 146 divide 411775772?
True
Is 1273530836 a multiple of 11?
False
Is 12 a factor of 219106642?
False
Is 78159644 a multiple of 2598?
False
Does 15 divide 517213923?
False
Does 44 divide 430118128?
True
Does 61 divide 140521735?
True
Does 20 divide 68522000?
True
Is 5 a factor of 9168303?
False
Does 257 divide 349381734?
True
Is 41361379 a multiple of 51?
False
Is 834